{"id":1296,"date":"2025-10-02T13:21:53","date_gmt":"2025-10-02T13:21:53","guid":{"rendered":"https:\/\/www.animaluprising.ch\/veranstaltungen\/visite-de-la-ferme\/"},"modified":"2025-10-06T09:21:40","modified_gmt":"2025-10-06T09:21:40","slug":"visite-de-la-ferme","status":"publish","type":"veranstaltungen","link":"https:\/\/www.animaluprising.ch\/fr\/veranstaltungen\/visite-de-la-ferme\/","title":{"rendered":"Visite de la ferme"},"content":{"rendered":"\n<p>Souhaitez-vous faire connaissance avec nous et nos colocataires animaux et<br\/>apprendre beaucoup de choses int\u00e9ressantes sur les animaux et leurs besoins ?<br\/>Alors, cette visite de la ferme est faite pour vous\u00a0: vous d\u00e9couvrirez les<br\/>histoires de nos animaux et vous pourrez nous demander tout ce qui vous<br\/>tient \u00e0 c\u0153ur\u00a0!<br\/>Apr\u00e8s la visite de la ferme, vous aurez la possibilit\u00e9 de discuter.<\/p>\n\n<p><strong>Rassemblement devant le Lebenshof\u00a0:<\/strong> 14\u00a0h<br\/>Dur\u00e9e\u00a0: 1,5 \u00e0 2\u00a0heures<\/p>\n\n<p><strong>Inscription \u00e0 l\u2019adresse suivante<\/strong>\u00a0: <a href=\"mailto:info@tiermensch.ch\">info@tiermensch.ch<\/a> (le nombre de places est limit\u00e9)<br\/>Veuillez \u00e9galement vous d\u00e9sinscrire en cas d\u2019emp\u00eachement, afin que d\u2019autres visiteurs<br\/>puissent prendre votre place \u2013 Merci\u00a0!<\/p>\n\n<p>Une tirelire est \u00e0 disposition, sinon l\u2019\u00e9v\u00e9nement est<br\/>gratuit.<\/p>\n\n<p>Et encore un conseil\u00a0: mettez des v\u00eatements et des chaussures (bottes) qui peuvent \u00eatre salis \ud83d\ude09<br\/>Places de parking\u00a0: il y en a quelques-unes directement \u00e0 la ferme, d\u2019autres places de parking<br\/>se trouvent \u00e0 7\u00a0minutes \u00e0 pied.<br\/>Le Lebenshof est \u00e9galement facilement accessible par les transports en commun<\/p>\n","protected":false},"excerpt":{"rendered":"<p>Souhaitez-vous faire connaissance avec nous et nos colocataires animaux etapprendre beaucoup de choses int\u00e9ressantes sur les animaux et leurs besoins ?Alors, cette visite de la ferme est faite pour vous\u00a0: vous d\u00e9couvrirez leshistoires de nos animaux et vous pourrez nous demander tout ce qui voustient \u00e0 c\u0153ur\u00a0!Apr\u00e8s la visite de la ferme, vous aurez la [&hellip;]<\/p>\n","protected":false},"featured_media":1297,"template":"","veranstalter":[177],"standort":[189],"adresse":[188],"veranstaltungsart":[190],"class_list":["post-1296","veranstaltungen","type-veranstaltungen","status-publish","has-post-thumbnail","hentry","veranstalter-lebenshof-tiermensch","standort-huentwangen","adresse-bahnhofstrasse-73-huentwangen","veranstaltungsart-visite-de-la-ferme"],"acf":{"veranstaltungsdatum":"20251026","zeit":"14:00:00","veranstaltungsart_select":[190]},"_links":{"self":[{"href":"https:\/\/www.animaluprising.ch\/fr\/wp-json\/wp\/v2\/veranstaltungen\/1296","targetHints":{"allow":["GET"]}}],"collection":[{"href":"https:\/\/www.animaluprising.ch\/fr\/wp-json\/wp\/v2\/veranstaltungen"}],"about":[{"href":"https:\/\/www.animaluprising.ch\/fr\/wp-json\/wp\/v2\/types\/veranstaltungen"}],"acf:term":[{"embeddable":true,"taxonomy":"veranstaltungsart","href":"https:\/\/www.animaluprising.ch\/fr\/wp-json\/wp\/v2\/veranstaltungsart\/190"}],"wp:featuredmedia":[{"embeddable":true,"href":"https:\/\/www.animaluprising.ch\/fr\/wp-json\/wp\/v2\/media\/1297"}],"wp:attachment":[{"href":"https:\/\/www.animaluprising.ch\/fr\/wp-json\/wp\/v2\/media?parent=1296"}],"wp:term":[{"taxonomy":"veranstalter","embeddable":true,"href":"https:\/\/www.animaluprising.ch\/fr\/wp-json\/wp\/v2\/veranstalter?post=1296"},{"taxonomy":"standort","embeddable":true,"href":"https:\/\/www.animaluprising.ch\/fr\/wp-json\/wp\/v2\/standort?post=1296"},{"taxonomy":"adresse","embeddable":true,"href":"https:\/\/www.animaluprising.ch\/fr\/wp-json\/wp\/v2\/adresse?post=1296"},{"taxonomy":"veranstaltungsart","embeddable":true,"href":"https:\/\/www.animaluprising.ch\/fr\/wp-json\/wp\/v2\/veranstaltungsart?post=1296"}],"curies":[{"name":"wp","href":"https:\/\/api.w.org\/{rel}","templated":true}]}}

<p>Souhaitez-vous faire connaissance avec nous et nos colocataires animaux et<br/>apprendre beaucoup de choses intéressantes sur les animaux et leurs besoins ?<br/>Alors, cette visite de la ferme est faite pour vous : vous découvrirez les<br/>histoires de nos animaux et vous pourrez nous demander tout ce qui vous<br/>tient à cœur !<br/>Après la visite de la ferme, vous aurez la possibilité de discuter.</p>

<p><strong>Rassemblement devant le Lebenshof :</strong> 14 h<br/>Durée : 1,5 à 2 heures</p>

<p><strong>Inscription à l’adresse suivante</strong> : <a href="mailto:info@tiermensch.ch">info@tiermensch.ch</a> (le nombre de places est limité)<br/>Veuillez également vous désinscrire en cas d’empêchement, afin que d’autres visiteurs<br/>puissent prendre votre place – Merci !</p>

<p>Une tirelire est à disposition, sinon l’événement est<br/>gratuit.</p>

<p>Et encore un conseil : mettez des vêtements et des chaussures (bottes) qui peuvent être salis 😉<br/>Places de parking : il y en a quelques-unes directement à la ferme, d’autres places de parking<br/>se trouvent à 7 minutes à pied.<br/>Le Lebenshof est également facilement accessible par les transports en commun</p>

<p>Souhaitez-vous faire connaissance avec nous et nos colocataires animaux etapprendre beaucoup de choses intéressantes sur les animaux et leurs besoins ?Alors, cette visite de la ferme est faite pour vous : vous découvrirez leshistoires de nos animaux et vous pourrez nous demander tout ce qui voustient à cœur !Après la visite de la ferme, vous aurez la [&hellip;]</p>
