{"id":1231,"date":"2025-09-15T15:51:00","date_gmt":"2025-09-15T15:51:00","guid":{"rendered":"https:\/\/www.animaluprising.ch\/veranstaltungen\/lexpression-creative-des-animaux-et-notre-relation-avec-eux\/"},"modified":"2025-10-15T14:32:55","modified_gmt":"2025-10-15T14:32:55","slug":"lexpression-creative-des-animaux-et-notre-relation-avec-eux","status":"publish","type":"veranstaltungen","link":"https:\/\/www.animaluprising.ch\/fr\/veranstaltungen\/lexpression-creative-des-animaux-et-notre-relation-avec-eux\/","title":{"rendered":"L&rsquo;expression cr\u00e9ative des animaux et notre relation avec eux"},"content":{"rendered":"\n<p>Rencontre\/conf\u00e9rence avec Roberto Marchesini (zooanthropologue, philosophe, \u00e9thologue, \u00e9crivain et directeur de l&rsquo;\u00e9cole d&rsquo;interaction homme-animal SIUA).<\/p>\n\n<p>Une conf\u00e9rence qui explore comment les animaux expriment leur cr\u00e9ativit\u00e9 et ce que cela signifie pour la reconnaissance de leurs droits et l&rsquo;am\u00e9lioration de notre relation avec eux.<\/p>\n\n<p><strong>Lieu de l&rsquo;\u00e9v\u00e9nement\u00a0:<br\/>H\u00f4tel Pestalozzi, piazza Indipendenza 9, 6900 Lugano<\/strong><\/p>\n\n<p><strong>Organisation\u00a0:<\/strong> ATRA <a href=\"http:\/\/www.atra.info\/\" target=\"_blank\" rel=\"noreferrer noopener\">www.atra.info<\/a><br\/><strong>Inscription\u00a0:<\/strong> pas n\u00e9cessaire, entr\u00e9e gratuite<\/p>\n\n<figure class=\"wp-block-image size-full is-resized\"><img decoding=\"async\" src=\"https:\/\/www.animaluprising.ch\/wp-content\/uploads\/2025\/09\/Atra-Flyer.jpg\" alt=\"\" class=\"wp-image-1965\" style=\"width:400px\"\/><\/figure>\n","protected":false},"excerpt":{"rendered":"<p>Rencontre\/conf\u00e9rence avec Roberto Marchesini (zooanthropologue, philosophe, \u00e9thologue, \u00e9crivain et directeur de l&rsquo;\u00e9cole d&rsquo;interaction homme-animal SIUA). Une conf\u00e9rence qui explore comment les animaux expriment leur cr\u00e9ativit\u00e9 et ce que cela signifie pour la reconnaissance de leurs droits et l&rsquo;am\u00e9lioration de notre relation avec eux. Lieu de l&rsquo;\u00e9v\u00e9nement\u00a0:H\u00f4tel Pestalozzi, piazza Indipendenza 9, 6900 Lugano Organisation\u00a0: ATRA www.atra.infoInscription\u00a0: [&hellip;]<\/p>\n","protected":false},"featured_media":1232,"template":"","veranstalter":[121],"standort":[120],"adresse":[119],"veranstaltungsart":[122],"class_list":["post-1231","veranstaltungen","type-veranstaltungen","status-publish","has-post-thumbnail","hentry","veranstalter-atra","standort-tessin","adresse-piazza-indipendenza-9-lugano","veranstaltungsart-conference"],"acf":{"veranstaltungsdatum":"20251020","zeit":"20:00:00","veranstaltungsart_select":[122]},"_links":{"self":[{"href":"https:\/\/www.animaluprising.ch\/fr\/wp-json\/wp\/v2\/veranstaltungen\/1231","targetHints":{"allow":["GET"]}}],"collection":[{"href":"https:\/\/www.animaluprising.ch\/fr\/wp-json\/wp\/v2\/veranstaltungen"}],"about":[{"href":"https:\/\/www.animaluprising.ch\/fr\/wp-json\/wp\/v2\/types\/veranstaltungen"}],"acf:term":[{"embeddable":true,"taxonomy":"veranstaltungsart","href":"https:\/\/www.animaluprising.ch\/fr\/wp-json\/wp\/v2\/veranstaltungsart\/122"}],"wp:featuredmedia":[{"embeddable":true,"href":"https:\/\/www.animaluprising.ch\/fr\/wp-json\/wp\/v2\/media\/1232"}],"wp:attachment":[{"href":"https:\/\/www.animaluprising.ch\/fr\/wp-json\/wp\/v2\/media?parent=1231"}],"wp:term":[{"taxonomy":"veranstalter","embeddable":true,"href":"https:\/\/www.animaluprising.ch\/fr\/wp-json\/wp\/v2\/veranstalter?post=1231"},{"taxonomy":"standort","embeddable":true,"href":"https:\/\/www.animaluprising.ch\/fr\/wp-json\/wp\/v2\/standort?post=1231"},{"taxonomy":"adresse","embeddable":true,"href":"https:\/\/www.animaluprising.ch\/fr\/wp-json\/wp\/v2\/adresse?post=1231"},{"taxonomy":"veranstaltungsart","embeddable":true,"href":"https:\/\/www.animaluprising.ch\/fr\/wp-json\/wp\/v2\/veranstaltungsart?post=1231"}],"curies":[{"name":"wp","href":"https:\/\/api.w.org\/{rel}","templated":true}]}}

L&rsquo;expression créative des animaux et notre relation avec eux

<p>Rencontre/conférence avec Roberto Marchesini (zooanthropologue, philosophe, éthologue, écrivain et directeur de l&rsquo;école d&rsquo;interaction homme-animal SIUA).</p>

<p>Une conférence qui explore comment les animaux expriment leur créativité et ce que cela signifie pour la reconnaissance de leurs droits et l&rsquo;amélioration de notre relation avec eux.</p>

<p><strong>Lieu de l&rsquo;événement :<br/>Hôtel Pestalozzi, piazza Indipendenza 9, 6900 Lugano</strong></p>

<p><strong>Organisation :</strong> ATRA <a href="http://www.atra.info/" target="_blank" rel="noreferrer noopener">www.atra.info</a><br/><strong>Inscription :</strong> pas nécessaire, entrée gratuite</p>

<figure class="wp-block-image size-full is-resized"><img decoding="async" src="https://www.animaluprising.ch/wp-content/uploads/2025/09/Atra-Flyer.jpg" alt="" class="wp-image-1965" style="width:400px"/></figure>

<p>Rencontre/conférence avec Roberto Marchesini (zooanthropologue, philosophe, éthologue, écrivain et directeur de l&rsquo;école d&rsquo;interaction homme-animal SIUA). Une conférence qui explore comment les animaux expriment leur créativité et ce que cela signifie pour la reconnaissance de leurs droits et l&rsquo;amélioration de notre relation avec eux. Lieu de l&rsquo;événement :Hôtel Pestalozzi, piazza Indipendenza 9, 6900 Lugano Organisation : ATRA www.atra.infoInscription : [&hellip;]</p>
